f i?
2, 11, 79
List the prime factors of 14/6*414947/39 - 3/(-27).
2, 12413
Let i be (-19725)/(-35) + (2 - 33/21). Suppose 46*z + i = 50*z. List the prime factors of z.
3, 47
Let v be (-40)/(-72)*15*-18. Let i = 162 + v. List the prime factors of i.
2, 3
Let l(q) = 4*q**2 + 17*q**2 - 9*q + 6385 - 6383. What are the prime factors of l(-5)?
2, 11, 13
List the prime factors of (1 + 1)*(-24 + 13 - -5313).
2, 11, 241
Let r = -112 + 228. Suppose 0 = 2*l, 0 = -2*t + l + 3*l + r. Suppose -3*k = -77 - t. List the prime factors of k.
3, 5
Let n(l) = -3*l**3 + l**2 + 17*l + 6. Suppose 504*u = 509*u + 35. What are the prime factors of n(u)?
5, 193
Let p = 46609 + -7415. What are the prime factors of p?
2, 19597
Let m(w) = -19*w + 88. Let b be m(22). What are the prime factors of (0 - 226/4)/(55/b)?
3, 113
Let o(u) = -94*u**2 - u + 6. Let t be o(2). What are the prime factors of (-2)/5 - (2 + t/5)?
2, 3
Let i = 5704 + 519. What are the prime factors of i?
7, 127
Let a(x) = 6*x + 177. Let h be a(-30). List the prime factors of 3 - ((-11)/(-33) + 442/h).
2, 3, 5
Let f(z) = 137*z**2 - 243*z + 1. List the prime factors of f(-4).
3, 5, 211
Let s(q) = 56*q**3 + 7*q**2 - 2*q + 7. Let j be s(3). Suppose -j = -5*p - 2*m, m + 336 = 3*p - 614. List the prime factors of p.
2, 79
Suppose 2*z + 8*z - 297191 - 73019 = 0. List the prime factors of z.
37021
Suppose -247*f + 94*f + 5334111 + 725454 = 0. What are the prime factors of f?
5, 89
Let m = 53 - 51. Let w(k) = 2*k**2 + 15*k - 3*k**2 - 15 + m + 0. What are the prime factors of w(6)?
41
Suppose 105*u - 21462 = 300258. List the prime factors of u.
2, 383
Let d(s) = -2752*s + 2173. What are the prime factors of d(-16)?
5, 9241
Suppose -b - 5*o = 4*b + 160, -4*b + 3*o = 121. Let v = 112 + -72. Let h = b + v. List the prime factors of h.
3
Let g(z) = -z**2 - 8*z - 20. Let q be g(0). What are the prime factors of (q/(-15))/1 - 1378/(-6)?
3, 7, 11
Suppose -176305 = -4*q + 3*l, 6*q = 4*q - 5*l + 88159. List the prime factors of q.
11, 4007
Let r(s) = 734*s**2 + 137*s + 403. List the prime factors of r(-3).
2, 3299
Suppose 0 = f + 4*f + 155. Let c be 232 + 0 + 12/(-15)*(-75)/30. Let y = f + c. What are the prime factors of y?
7, 29
Suppose 3904 + 2280 = g + 2*v, 24 = -4*v. List the prime factors of g.
2, 1549
Suppose 329871 = 26*s - 67672 - 126721. What are the prime factors of s?
2, 71
Suppose -3*t - 3*j = -83810 + 26870, 56980 = 3*t - 5*j. List the prime factors of t.
5, 3797
Suppose 0 = 3*g - 4*l - 122, -2*g - 18*l + 53 = -15*l. Suppose 0 = -36*y + g*y + 1598. What are the prime factors of y?
17, 47
Suppose -l = d + 6, -3*l - 1 = -5*d + 1. Let v = -1 + d. List the prime factors of v - ((-104)/(-3))/(8/(-36)).
3, 17
Suppose -3*m - 64 - 17 = 0. Let q be 801/m*-1*9. Suppose -7 + 67 = a + c, -q = -4*a + 5*c. List the prime factors of a.
3, 7
Suppose 4 = -4*q + 44. Let x(j) be the first derivative of 7*j**2 - 5*j + 27. List the prime factors of x(q).
3, 5
Suppose 16*n - 95 = 241. Suppose -815 = -5*k + 3*s, 4*s + n = k - 142. List the prime factors of k.
163
Let v = 6366 - 4272. What are the prime factors of v?
2, 3, 349
Suppose -77*c + 40257 - 1215 + 3385 = 0. List the prime factors of c.
19, 29
Let m(c) = -12503*c + 979. What are the prime factors of m(-7)?
2, 3, 5, 59
Suppose 148940 = 6*k - 34*d + 36*d, 0 = -3*k - 2*d + 74462. What are the prime factors of k?
2, 12413
Let t(p) = 5088*p - 4. Let n be t(-1). Let g be (-10)/(-35) - n/14. Suppose 46 + g = 5*q. List the prime factors of q.
2, 41
Let c be (2/(-4)*-2)/(6/12). Suppose d = -5*v + 4*d - c, -v + 14 = 3*d. Suppose -5 = v*f - 237. What are the prime factors of f?
2, 29
Let v(x) = -x**2 - 20*x + 20. Suppose 0*y + 2*s + 40 = -3*y, 4*y - 2*s + 30 = 0. What are the prime factors of v(y)?
2, 3, 5
Let z(c) = c**2 - 8*c + 62. Let h be z(12). What are the prime factors of (-118 + 2)/((-44)/h)?
2, 5, 29
Suppose 1989111 - 7523101 = -77*h. What are the prime factors of h?
2, 5, 7187
Let f = 27 - 33. Let l be 4*1 + f + 10. Let t(g) = 2*g**2 - 16*g + 8. List the prime factors of t(l).
2
Let l(d) = d**3 - 4*d**2 - 18*d + 3. Let m be l(7). Suppose 0 = -24*y + 26*y - m. List the prime factors of y.
2, 3
Let k = -1384 + 2919. Suppose -4*i = 4*p - 1604, -4*i + 5*p + 51 = -k. List the prime factors of i.
3, 7, 19
Suppose -2 = -2*i + 8. Suppose i = 4*s + s. Let n(r) = 45*r - 2. List the prime factors of n(s).
43
Suppose -209 = -3*w - 1019. Let b = -110 - w. List the prime factors of b.
2, 5
Let c(j) = -198*j**3 + j**2 + 23*j - 3. List the prime factors of c(-4).
7, 257
Let m = -16 - 40. Let h = m - -79. Suppose -2*t + h = -103. List the prime factors of t.
3, 7
Let v(i) = -i**2 + 18*i - 33. Let g be v(16). List the prime factors of (-9)/(-12)*(369 + (-2 - g)).
2, 3, 23
Suppose 6*f = 7127 + 64033. List the prime factors of f.
2, 5, 593
Let n(f) = -3*f**3 + 2*f**2 + f - 1. Let d be n(2). Let c be (-2*1/(-6))/(d/135). List the prime factors of ((-1422)/14)/c - (-5)/35.
2, 17
Let b = 8114 - -26436. List the prime factors of b.
2, 5, 691
List the prime factors of -14 + 76/4 - (-37531 - 1).
37537
Let b = 25625 + -25621. Let n(j) be the first derivative of j**4/2 + 7*j**3/3 - 4*j**2 + 1. List the prime factors of n(b).
2, 13
What are the prime factors of (-8401504)/(-528) - (-6)/99?
2, 3, 13, 17
Suppose y - 2*c = 4 - 17, -3*c = -9. Let j be ((-6573)/(-9))/y*-3. Let o = j + -220. What are the prime factors of o?
3, 31
Let g = 1124 + -799. Suppose -10 = -5*f, -40*m + 44*m + 5*f = 26. Suppose 0 = m*k - 347 - g. List the prime factors of k.
2, 3, 7
Let r(l) = -5853*l + 370. List the prime factors of r(-8).
2, 7, 3371
Let z = -2825 + 550. Let d = 3445 + z. List the prime factors of d.
2, 3, 5, 13
Suppose 0 = 13*q + 19679 - 68013. List the prime factors of q.
2, 11, 13
Suppose 118 = -d + 4*c, 0 = -d - 10*c + 5*c - 109. Let b = d - -117. List the prime factors of ((0 - b) + 4)*7.
7
Let t = 17427 - 7877. Suppose -3490 = -10*d + t. What are the prime factors of d?
2, 163
Suppose 99501 = 3*m + 3*x, 18*m + 165793 = 23*m - x. What are the prime factors of m?
2, 5, 829
Let j(r) = 5*r**2 + 13*r + 48. Let o = -53 + 65. What are the prime factors of j(o)?
2, 3, 7, 11
Let d(v) = -8*v - 724. Let w be d(0). Let x = w - -1164. What are the prime factors of x?
2, 5, 11
Let s = -17195 + 25097. List the prime factors of s.
2, 3, 439
Suppose 87*y - 166914 = 54*y. List the prime factors of y.
2, 3, 281
Let u(x) = 2*x + 44. Let i be u(-21). Let z be 2*(i - 15/6). List the prime factors of (-697)/(-8) - z/(-8).
3, 29
Suppose j + m - 12095 = 0, -5*j - 144*m + 60465 = -141*m. List the prime factors of j.
2, 3, 5, 13, 31
Let q be 3/12 - 87056/64. Let b = -616 - q. What are the prime factors of b?
2, 3, 31
Let j(p) be the first derivative of 6*p + 11 + 113/2*p**2. What are the prime factors of j(1)?
7, 17
Suppose 110352 = -57*j + 132933 + 653838. What are the prime factors of j?
11867
Let r = 39 + -34. Suppose 2*b + y + 27 = -0*b, r*b - 2*y = -54. Let d = 101 - b. What are the prime factors of d?
113
Suppose 90*d = 84*d + 6306. Suppose -2*k + 579 = 3*c, -4*c + k - 279 + d = 0. List the prime factors of c.
193
Let a(g) = -58*g - 15. Suppose -8*c + 9*c = -4. List the prime factors of a(c).
7, 31
Let g(t) = -2*t + 15. Let c be g(-10). Let l = 136 - c. Let q = l - 61. List the prime factors of q.
2, 5
Suppose -12 = -5*l + 3. Suppose 5*d - 3592 = -l*n, -n = -2*d - 252 - 960. List the prime factors of n.
2, 7, 43
Suppose 4 = 4*f + n, 4*f - 5*n - 24 = -n. Suppose f*r - 5*a - 458 = 0, -9*a - 1145 = -5*r - 4*a. What are the prime factors of r?
229
Let w = 1456 + -1456. Let l be 0 + 1 + 0 - -3. Suppose w = -3*x - 6, 45 + 67 = 4*y + l*x. What are the prime factors of y?
2, 3, 5
Suppose -4*j - q + 444 = 41, -j + 5*q = -127. Let p(k) = -43*k + j*k - 52*k + 12. What are the prime factors of p(5)?
47
Suppose -3*t + 9*t = 12. Let f(q) = q**t + 8*q + 2*q + 26 - 8*q - q. What are the prime factors of f(-12)?
2, 79
List the prime factors of ((-39692)/7)/(3072/(-168) - -18).
2, 9923
Let o(w) = 3521*w**3 + 11*w**2 - 5*w - 34. What are the prime factors of o(2)?
2, 7, 503
Let v(a) be the first derivative of -15*a**2/2 + 41*a - 8. Let g(p) = -7*p + 21. Let k(y) = -5*g(y) + 3*v(y). List the prime factors of k(-10).
2, 59
Let u be (16/24)/(8/(-6) 